Suppose -4*g + i - 4 = 0. Suppose -g*b - 3*u + 31 = 0, 0 = 2*b + 4*u - 32 + 4. What is the units digit of b?
4
Let z(t) = t**2 - 6*t - 6. Let y be z(8). Let o be (-4)/(-10) - (-56)/y. Let s = o + 1. What is the units digit of s?
7
Let k(j) = -j**3 - 5*j**2 - 7*j - 3. What is the hundreds digit of k(-7)?
1
Let b = 6 + -2. Let g(a) = a**2 - 2*a. Let w be g(-3). Suppose -5*k + 32 = 3*c + 8, k = -b*c + w. What is the units digit of c?
3
Suppose -5*b = -q - 222 - 149, 8 = 2*q. What is the tens digit of b?
7
Let u(m) = -2*m - 9. Let t be u(-7). Suppose 0 = -s - 1, -w + 0 + t = -2*s. What is the units digit of w?
3
Let o = 122 + -52. Suppose o = 5*f - 40. What is the units digit of f?
2
Let w(r) = -r**3 + 7*r**2 + 4*r - 2. Let i be w(4). Suppose -2*h = -2*l - 28, -h = 2*h + l - i. What is the tens digit of h?
1
Let w(s) be the second derivative of -s**3/3 - 5*s**2/2 - s. Let g = 5 - 9. What is the units digit of w(g)?
3
Suppose 0 = w - 4 + 8. Let r = w + 18. What is the tens digit of r?
1
Let t = -36 - -80. Suppose 8 = 4*u - t. What is the units digit of u?
3
Let f(o) = 2*o**2 + 14*o + 2. What is the tens digit of f(-8)?
1
Let f be ((-3)/2)/(6/(-16)). Let g(p) = 4*p**2 - 4*p - 2. Let x be g(f). Let q = x - 33. What is the tens digit of q?
1
Suppose -6 = -a + 4*a. Let z be (-2)/(20/(-8) + 3). Let j = a - z. What is the units digit of j?
2
Let v be ((-126)/(-4))/(2/4). Suppose -3*m = -5*z - v - 82, -52 = -m - 2*z. Suppose -a + 2*a = -3*n + 30, -4*a - m = -5*n. What is the tens digit of n?
1
Suppose 4*l = -2*u + 136, -3*l + 155 = 2*l - 5*u. What is the tens digit of l?
3
Let q = -2 + 2. Suppose -2*s + 3*s + 5 = q. Let f = 0 - s. What is the units digit of f?
5
What is the tens digit of 2/(555/550 + -1)?
2
Suppose -y + 2*p = -96, 6*p + 91 = y + 3*p. What is the hundreds digit of y?
1
Let y = -74 - 32. Let c = 62 - y. What is the units digit of 4/(-18) - c/(-27)?
6
Suppose 41 = -3*s + 590. What is the units digit of s?
3
Let v(r) = r**2 + 6*r + 6. Let z be v(-8). Suppose -5*o = -13 - z. What is the units digit of o?
7
Suppose 2*x + 106 = 2*q, -6*q = -q + 2*x - 258. What is the tens digit of q?
5
Suppose 3*h = 5*h + 6, -24 = -4*y + 4*h. Suppose a = t + 7, -7*a = -y*a - 5*t - 31. What is the units digit of a?
4
Let l = -291 + 440. What is the units digit of l?
9
Suppose 5*g = -3*d + 9, 2*g = -4*d + 7 + 5. Let a(w) = -w - 1. Let k be a(-3). Let p = d + k. What is the units digit of p?
5
What is the units digit of 34/153 - (-439)/9?
9
Let a(j) = 12*j - 3. Let m(b) = -b - 4. Let o be m(-6). Let w be a(o). Let n = w + -14. What is the units digit of n?
7
Let b be 0 - (0 - -3) - -3. Suppose k + 3*k - 16 = b. What is the units digit of k?
4
Let c(y) = -y**2 - 3*y - 1. Let b be c(-2). Suppose -3*m = -p + m - 12, 32 = 5*p + 3*m. Let i = b + p. What is the units digit of i?
5
Let h(p) = -p**3 + 7*p**2 - 5*p - 3. Let c be h(6). Suppose -c*t = 3*s - 30, -t + 36 = 5*s + 6. What is the units digit of s?
5
What is the tens digit of (-450)/(-4) - 42/28?
1
Let f(y) = -2*y - 4. Let g(v) = -v - 1. Let i(d) = f(d) - 6*g(d). What is the units digit of i(6)?
6
Suppose -p - 4*w + 3 = -17, 0 = -5*p - 3*w + 15. Let v be 2/(p - (-6)/9). Suppose a - 5*t = -v*a + 56, 3*t + 30 = 2*a. What is the units digit of a?
9
Let m = 289 - 150. What is the units digit of m?
9
Suppose 2*f + 9 + 1 = 0. Let l = f + 12. Suppose 33 = 2*d + l. What is the units digit of d?
3
Let c(f) = 0 + 0*f**3 - f**3 + 11 - 8*f + 9*f**2. Suppose -24 = -5*h + 2*h. What is the tens digit of c(h)?
1
What is the tens digit of 11/(44/56) + 1?
1
Let m(i) = 2*i**2. Let z be m(-3). Suppose 3*u + z = 5*u + 5*w, 3*u + 3*w = 18. What is the units digit of u?
4
Let y(b) be the third derivative of b**5/10 + b**4/8 - b**2. What is the tens digit of y(-2)?
1
What is the tens digit of 22/(-99) - (-940)/18?
5
Suppose -r = -1 - 5. Suppose 3*i = 5*i - r. What is the units digit of (0 - -1) + i + -2?
2
What is the tens digit of (12/(-30))/(-1) + (-113)/(-5)?
2
Suppose 32*i = 31*i + 124. What is the units digit of i?
4
Let h(s) = -s**3 - 6*s**2 - 2*s + 2. Let i be h(-4). Let p = i - -38. What is the units digit of p?
6
Suppose 5*a = 10, -5*a - 268 = -4*v - a. What is the tens digit of v?
6
Suppose -u = 3*i - 16, -2*i + 3*i - 2*u - 17 = 0. What is the units digit of 54/i - 2/(-7)?
8
Suppose g - 3*g = -14. Let f = g + -5. Let s(q) = q**3 - q**2 + 2*q - 3. What is the units digit of s(f)?
5
Suppose -9 = -2*w + 3*w. Let c be 8/3*w/(-6). Let d = c + 1. What is the units digit of d?
5
Let t(y) = 7*y + 2. Let k be t(6). Suppose 2*c = 6*c - k. What is the units digit of c?
1
Let f(q) = -q**2 - 18*q - 12. Let c be f(-14). Suppose -2*a - 4*o = o - c, 44 = 2*a - o. What is the tens digit of a?
2
Suppose -5*o - 30 = -5*g, -o - 5*g - 30 = -0*o. What is the tens digit of 20/(-6)*96/o?
3
What is the tens digit of (1 - 211)*((-51)/15 + 3)?
8
Let c(d) be the third derivative of d**4/24 + d**3/6 - 3*d**2. What is the units digit of c(4)?
5
Suppose 0 = -k - 4*b + 15, b + b = 4. What is the units digit of k?
7
Let p be (-3 - -1)*2/4. Let i = -3 - p. Let y = 8 - i. What is the units digit of y?
0
Let z = -1 - -1. Suppose -d + z = -9. What is the units digit of d?
9
Let w = 47 - 68. What is the units digit of w/(-14)*4/2?
3
Suppose 0 = -2*i - 19 + 87. What is the tens digit of i?
3
Let t(z) = 8*z - 5*z + 2 - 4*z. What is the units digit of t(-7)?
9
Suppose 4*d = -3*o + 279 + 296, 0 = -o - 5*d + 210. What is the units digit of o?
5
Suppose 0 = 4*y - 3*y. Suppose y = 3*p + 15, p - 52 - 18 = -3*b. What is the tens digit of b?
2
Let r(z) = -3*z**3 - z**2 + z + 1. Let h(j) = 7*j**2 - 2*j - 2. Let w be h(2). Suppose -4*b + 5*n = -b - w, 0 = 5*n + 25. What is the units digit of r(b)?
2
What is the units digit of 3*5/(10/54)?
1
Suppose 4*q = -3*y - 24, -2*q + 1 - 7 = y. Let c be (6/(-2))/(y/8). Suppose o - c = -o. What is the units digit of o?
1
Suppose 0 = u + 2*t - 45, 5*u - 3*t - 248 = 3. What is the units digit of u?
9
Let a(h) be the first derivative of h**4/3 - h**3/3 - h**2/2 - 2*h + 1. Let j(n) be the first derivative of a(n). What is the units digit of j(-1)?
5
Let f(d) be the second derivative of d**4/12 + 2*d**3/3 - 2*d**2 + 2*d. What is the units digit of f(-6)?
8
Suppose d - 1 - 53 = 0. What is the units digit of d?
4
What is the units digit of -3 - 0 - (-30 - 1)?
8
Let z = 17 + -12. Suppose 5*v + j = -7, 6*v + j + z = 3*v. Let t = 7 + v. What is the units digit of t?
6
Let n = -32 - -61. Suppose -4*y + 83 = -n. What is the tens digit of y?
2
Suppose -49 = -0*d - 2*d - y, 0 = 4*y + 4. What is the units digit of d?
5
Let f(b) = 4*b**2 - 4*b + 6. What is the units digit of f(6)?
6
Let v = 0 - -6. What is the units digit of 18/8 + v/8?
3
Suppose 4*x - 2*x - 8 = -4*b, -3*b = -5*x + 72. Let p = -7 + x. Let y(u) = -u**3 + 4*u**2 + 7*u - 2. What is the units digit of y(p)?
8
Let x(q) = 2*q**2 + 2*q + 3. Let s be x(-3). Suppose o = 5*y - 24 + 4, -3*o = s. Suppose y*c - 5 - 7 = 0. What is the units digit of c?
4
Let k = 13 + -8. Suppose 26 = -k*n + 111. What is the tens digit of n?
1
Suppose 2*h + 3*h - 15 = 0. Let v(n) = 3*n**2 + 3*n + 1. What is the tens digit of v(h)?
3
Let y be (-4)/((-2)/(-4) + 0). Let c = y + 14. What is the units digit of c?
6
Suppose -2*f = f - 9. Let b be (-14)/f*(-15)/10. Let w = b + -4. What is the units digit of w?
3
Suppose -2*p + 23 = -5*x, 5*x + 4 + 1 = 0. Let u be (-2 + (-29)/(-2))*-46. What is the units digit of 2/p + u/(-45)?
3
Let z(u) = 2*u**3 + 4*u**2 + 4*u + 2. Let q be z(-2). Let g = q - -11. What is the units digit of g?
5
Suppose j = 5*w - 0*j - 208, 2*w - 94 = -5*j. What is the tens digit of w?
4
Let p = 13 + -8. Let i = p - 2. Suppose 4*a = i*n - 33, -3*a - 34 = -4*n - a. What is the units digit of n?
7
Suppose 0 = 5*m - 555 - 335. What is the units digit of m?
8
Let p = 62 - -71. What is the hundreds digit of p?
1
Let l = 10 + 7. What is the units digit of l?
7
Suppose 0 = -8*g + 5*g - 6. What is the units digit of 18/4 + 3/g?
3
Let j be ((-2)/1)/(1 + -2). Let x = 15 - 12. Suppose z = -4*v + x, -j*v - 1 = z - 0*z. What is the units digit of v?
2
Suppose 2*u = 4*u - 492. What is the units digit of u?
6
Let h = -102 - -319. What is the hundreds digit of h?
2
Let b be 16/(-24) - (-64)/6. Let n = 30 - b. What is the